ca7
In base 6, what is -422 - -331?
-51
In base 11, what is a1006 + 14?
a101a
In base 6, what is -2442 - -1341?
-1101
In base 10, what is 15 - 1504?
-1489
In base 6, what is 2415 - -101?
2520
In base 10, what is -15603 - -5?
-15598
In base 6, what is -53 + 12252?
12155
In base 3, what is 1011100 + -2212?
1001111
In base 2, what is 11100001001101101010 - -100?
11100001001101101110
In base 15, what is 47e - -5c?
4db
In base 8, what is -200723 + 17?
-200704
In base 9, what is -2668 + -10?
-2678
In base 11, what is -1a - 4826?
-4845
In base 9, what is 447873 + -2?
447871
In base 10, what is -6 + 37778?
37772
In base 14, what is -122d - 10?
-123d
In base 4, what is 11030213 + 2?
11030221
In base 4, what is -1001020030 - 1?
-1001020031
In base 6, what is 4130133 - -5?
4130142
In base 16, what is -1810 - -4?
-180c
In base 8, what is 1 - 1220?
-1217
In base 14, what is -4 - 386?
-38a
In base 6, what is -451210 + 10?
-451200
In base 3, what is 21101011 + 222?
21102010
In base 5, what is 4 + 302121?
302130
In base 3, what is 12 - 12112221?
-12112202
In base 15, what is 129 - a3?
76
In base 16, what is 4 + -29706?
-29702
In base 14, what is -1699c0 + -6?
-1699c6
In base 2, what is 100110101111000010011000 - -101?
100110101111000010011101
In base 6, what is 155035 + -2?
155033
In base 12, what is -36 + 168?
132
In base 16, what is -4 + -9224?
-9228
In base 8, what is 0 - 2402?
-2402
In base 5, what is -302 + 442?
140
In base 13, what is 621 + 6b9?
100a
In base 16, what is -a1c1 - -4?
-a1bd
In base 5, what is 1403 - 10414?
-4011
In base 2, what is 110001001111 + -1010110?
101111111001
In base 12, what is -1 + 9304?
9303
In base 12, what is -1 + -61736?
-61737
In base 5, what is 10 + -1112041?
-1112031
In base 4, what is -11 - -23322301?
23322230
In base 3, what is -20022202 - -2?
-20022200
In base 16, what is -173b8 - -7?
-173b1
In base 16, what is -270f0 + 4?
-270ec
In base 16, what is -dc0c - f?
-dc1b
In base 9, what is -3480101 - -4?
-3480086
In base 8, what is -52373 + -2?
-52375
In base 8, what is -5 + -2015321?
-2015326
In base 13, what is 2400 - -21?
2421
In base 3, what is -11 - -11011200120220?
11011200120202
In base 8, what is -11 + 14145?
14134
In base 9, what is -327 + 10353?
10025
In base 4, what is 11101321 - 3?
11101312
In base 8, what is 1 - 451705?
-451704
In base 14, what is -415 + -76?
-48b
In base 9, what is -527 - -1021?
383
In base 5, what is -32131 - 130?
-32311
In base 13, what is 38 - 27b?
-243
In base 12, what is 3b635 - -1?
3b636
In base 6, what is -4141302 - 5?
-4141311
In base 13, what is 72a89 - -7?
72a93
In base 12, what is 2 - 60a?
-608
In base 15, what is -18c89 + 7?
-18c82
In base 8, what is 6062 - 5?
6055
In base 5, what is -23304 - -3?
-23301
In base 10, what is 199 - -287?
486
In base 16, what is 1ea - ec0?
-cd6
In base 14, what is -1348 - -1c?
-132a
In base 14, what is -d62 + -1a4?
-1126
In base 3, what is -1 - 2001221?
-2001222
In base 14, what is -3d37a - 15?
-3d391
In base 7, what is 111663 + -3?
111660
In base 9, what is 4 - 1305?
-1301
In base 9, what is -745140 - 2?
-745142
In base 9, what is -26 + 2747?
2721
In base 14, what is -19a - 6a?
-226
In base 8, what is -1210737 + 2?
-1210735
In base 9, what is -14330 + -1?
-14331
In base 6, what is -114222 + -240?
-114502
In base 8, what is 4 - -2703?
2707
In base 10, what is -73334 + 5?
-73329
In base 10, what is -1 - 1854?
-1855
In base 15, what is 33451 + c?
3345d
In base 14, what is 620b + 62?
626d
In base 10, what is -1348 + 43?
-1305
In base 3, what is 11101202 + 100?
11102002
In base 14, what is -3 - 116170?
-116173
In base 9, what is -2261685 + 2?
-2261683
In base 7, what is -35 + -1140?
-1205
In base 15, what is 23 + -5106?
-50d3
In base 4, what is -11000030323 + 3?
-11000030320
In base 16, what is -8 - -3d4f?
3d47
In base 5, what is -4 - 31140101?
-31140110
In base 11, what is -11 - -6a8?
697
In base 9, what is -170737 + 0?
-170737
In base 7, what is 26 + -63604?
-63545
In base 5, what is 10204 - 12410?
-2201
In base 12, what is -6127 - -36?
-60b1
In base 2, what is 100000011 - 11011?
11101000
In base 4, what is -302 - 11030323?
-11031231
In base 16, what is -f7d9c + 1?
-f7d9b
In base 12, what is 1 - -19a58?
19a59
In base 5, what is -142 - 211402?
-212044
In base 6, what is -153150 + -10?
-153200
In base 7, what is 1513 - 35?
1445
In base 14, what is 4985 - -1?
4986
In base 6, what is 13401310 + 4?
13401314
In base 14, what is 286856 + -4?
286852
In base 4, what is 2300 - 3120?
-220
In base 7, what is -330622 + 3?
-330616
In base 13, what is -345a5 + -8?
-345b0
In base 13, what is 28 - -3306?
3331
In base 13, what is 0 - 116849?
-116849
In base 6, what is -114443 - 53?
-114540
In base 8, what is -5 - 10176?
-10203
In base 10, what is 1 - -8990?
8991
In base 12, what is -a19 - -12?
-a07
In base 12, what is 91 - 174?
-a3
In base 5, what is -142310 + 212?
-142043
In base 15, what is 35 - -153?
188
In base 4, what is 210 - -11301131?
11302001
In base 8, what is -445 + 423?
-22
In base 16, what is -a - 1808?
-1812
In base 12, what is 437493 + 5?
437498
In base 12, what is 3 + 1520a?
15211
In base 14, what is -2 - -178c?
178a
In base 16, what is -55 - -dd?
88
In base 12, what is 0 + 5aa889?
5aa889
In base 3, what is 1211222 - 2201?
1202021
In base 7, what is 154 - -1122?
1306
In base 15, what is 24c0 - 10?
24b0
In base 13, what is -2 + 5273?
5271
In base 16, what is 223 - 12?
211
In base 14, what is -71296 - 0?
-71296
In base 12, what is -b2 - -128?
36
In base 7, what is 364 - -505?
1202
In base 11, what is 55 - 925?
-880
In base 3, what is -1121210 - 10?
-1121220
In base 15, what is -c47 + -421?
-1168
In base 15, what is cc4c5 + 1?
cc4c6
In base 2, what is -10001000 + -1011100?
-11100100
In base 8, what is -1664 - 1403?
-3267
In base 11, what is 2 - -285923?
285925
In base 10, what is -1195255 - -2?
-1195253
In base 15, what is 18 - 893?
-87a
In base 14, what is -18c - 458?
-606
In base 3, what is 122 + -121200211?
-121200012
In base 3, what is 2201200112 + -2?
2201200110
In base 6, what is -1313225 + -12?
-1313241
In base 10, what is 2 + 250471?
250473
In base 15, what is 12 - 86bc?
-86aa
In base 8, what is -1 - 15326?
-15327
In base 9, what is -1735 - 77?
-1823
In base 3, what is -10 - 1020201221?
-1020202001
In base 10, what is 13305 - -2?
13307
In base 12, what is -1713 - a?
-1721
In base 4, what is -10 - 233021?
-233031
In base 10, what is -31 - 1429?
-1460
In base 7, what is -5 - 565563?
-565601
In base 6, what is -105035211 + -1?
-105035212
In base 10, what is 103301 + 5?
103306
In base 3, what is 20200202020011 - -11?
20200202020022
In base 13, what is -88 + 1642?
1587
In base 8, what is 14732 - -7?
14741
In base 2, what is 1100111010111 - 100?
1100111010011
In base 13, what is -886 + -bc?
-975
In base 8, what is 44433 - 204?
44227
In base 6, what is 23 + -32452?
-32425
In base 3, what is 222001010 + 11?
222001021
In base 15, what is -8ed3 - 0?
-8ed3
In base 2, what is -1111 - 10111010000100000?
-10111010000101111
In base 13, what is 3c82a + -1?
3c829
In base 16, what is -1 - -cfd?
cfc
In base 7, what is -4 - -3623600?
3623563
In base 4, what is 102220 - -22313?
131133
In base 15, what is 65d3 - -23?
6606
In base 9, what is -552 + -268?
-831
In base 11, what is 226 + 151a?
1745
In base 12, what is 3 - 2176?
-2173
In base 11, what is 5a52 - 16?
5a37
In base 9, what is -667 - 100?
-767
In base 14, what is 12c07d + -3?
12c07a
In base 4, what is 102 - 112111?
-112003
In base 15, what is -7 + a787?
a780
In base 12, what is -164 + 612?
46a
In base 4, what is 1030 + -233213?
-232123
In base 11, what is -65790 + -10?
-657a0
In base 8, what is 27 + 6261?
6310
In base 11, what is a + 3a37?
3a46
In base 10, what is 1 - 9741?
-9740
In base 13, what is -bba - a?
-bc7
In base 9, what is 2 + 63770?
63772
In base 6, what is 32155 + -11?
32144
In base 2, what is -100001100000010 + -1011?
-100001100001101
In base 8, what is -2601567 + -2?
-2601571
In base 12, what is 93 - 8a?
5
In base 12, what is 2 + -1753b2?
-1753b0
In base 16, what is -3 - 9522f?
-95232
In base 16, what is dd + 17?
f4
In base 11, what is -14793 + -223?
-14a06
In base 14, what is 1da7 - 6?
1da1
In base 2, what is 110001011100010010 - -1101?
110001011100011111
In base 4, what is -2333210001 + 10?
-233